7
Let s(t) = 59*t**2 + 4*t - 1. Let w be s(-2). Suppose -2*f + 4 = -3*f, -3*g = f - w. What is the units digit of g?
7
Let y(i) = -i**2 + 12*i. Let k be y(12). Let s(t) = -t**2 - t + 5. Let d be s(k). Suppose d*b - 18 = 2*b. What is the units digit of b?
6
Let t = 3 - 2. Suppose r - t - 12 = -5*u, r = -3*u + 7. What is the units digit of ((-20)/16 + u)*4?
7
Suppose k - 3 + 1 = 0. Suppose 2*j = -f - k*j + 60, 4*f = 2*j + 294. What is the units digit of f?
2
Let a be ((-2)/(-3))/((-28)/(-210)). Suppose 2*c - 5 = s, -2*c + 30 = -a*s + 5. Suppose 4*u = n + 7, -3*u + c = -9. What is the units digit of n?
5
Let p(z) = z**3 + 4*z**2 + z + 5. Let j be p(4). Let y = j + -40. Let r = -56 + y. What is the units digit of r?
1
Let o be (-2 - -3) + (37 - 2). Let d = -31 - -41. Suppose w - o = -d. What is the units digit of w?
6
Let p be ((-4)/14 - (-75)/42)*1146. Suppose -10*x + p = -1. What is the hundreds digit of x?
1
Suppose -g + 18*a + 192 = 14*a, -a = 5*g - 1002. What is the tens digit of g?
0
Let a be ((-20)/(-24))/5 + 51/18. What is the tens digit of a/(-4)*1224/(-6)?
5
Let y(c) = -c**3 - c**3 + c**3 - 22*c + 2*c**3 - 4 + 2*c**2. What is the tens digit of y(6)?
5
Let k(q) = -q - 11. Let g be k(-5). What is the units digit of (-3)/g - 68/(-8)?
9
Suppose 47 = 2*k + 17. Suppose 0 = -2*q - y + 15, q - 6*q + 2*y = -k. Suppose 0 = q*n - 262 - 33. What is the units digit of n?
9
Let x be ((-2)/4)/(1/4) + 834. Suppose -x = -11*f + 81. What is the tens digit of f?
8
Let t(r) = 11*r**2 + 26*r + 11. Let x(m) = 5*m**2 + 13*m + 5. Let w(s) = 4*t(s) - 9*x(s). Suppose -1 + 11 = -l. What is the units digit of w(l)?
9
Suppose -2*o - 16 = 2. What is the tens digit of (13/3)/(o/(-81))?
3
Let z(a) be the first derivative of -a**4 + a**2/2 + 3*a - 22. What is the tens digit of z(-3)?
0
Suppose 3*g + 20 = 3*h + 2*h, 2*g + 4 = h. Suppose 0 = -h*v + 231 + 21. Let l = v - 37. What is the units digit of l?
6
Let s(k) = 0*k**3 + 5 + 11*k**2 + 0*k**3 + 0 - 6*k - k**3. What is the tens digit of s(7)?
5
Suppose w = -d + 887, -2*w + 3*d + 1774 = -0*w. What is the hundreds digit of w?
8
Suppose 4*r - 1414 = x, 3*r - 5*x = 2*r + 363. Suppose -3*d + 91 = -r. What is the tens digit of d?
4
Let y(t) = -t + 3. Let u be y(3). Suppose -4*h - h = u. Suppose -4*o + 38 + 54 = h. What is the units digit of o?
3
Suppose -400*o + 9125 = -395*o. What is the tens digit of o?
2
Let i be (-1)/((-4)/(-26))*(-4 - -2). Suppose 0 = -11*d + i*d - 128. What is the units digit of d?
4
Suppose 38*r = 29046 + 17238. What is the thousands digit of r?
1
Suppose 5*c = -2*l + 7*l - 230, 4*c = -3*l + 173. Suppose 46*b - l*b = -625. What is the tens digit of b?
2
Suppose 4*o - 5 = -3*i, -i + 0 - 1 = 0. Suppose -3*a - 2*f + 91 = -f, 0 = o*a - 2*f - 74. Let u = a - 11. What is the tens digit of u?
2
Let o(f) = 4*f**3 + 3*f - 8. Let i be o(-3). Let m = -41 - i. What is the tens digit of m?
8
Let c(q) = 3*q**3 + 4*q**2 + 4. Let k be c(3). Let n = -65 + k. What is the tens digit of n?
5
Suppose -2*o - 1 = -o. What is the tens digit of (-22 + 9)*2*o?
2
Suppose 0 = g - 4*i - 560, -4*g + 1663 + 592 = -i. What is the hundreds digit of g?
5
Let p = 8 - 2. Suppose -2 = 2*t - p. What is the units digit of (64/8)/(t + -1)?
8
Let k(y) = -y**3 + 17*y - 2 + 14*y**2 + 0*y**3 - 5. What is the units digit of k(15)?
3
Let x(g) = 18*g - 72. Let n be x(12). Suppose -n + 471 = 3*l. What is the units digit of l?
9
Suppose -36 = -9*f + 6*f. What is the tens digit of (-16)/(-3)*108/f?
4
Let q = -23 - -63. Let t = 62 - q. What is the units digit of t?
2
Let x = -190 - -247. What is the tens digit of x?
5
Let t(l) = -3*l - 47. Let w = -12 - 7. What is the units digit of t(w)?
0
Let q(k) = 2*k**3 + 3*k**2 - 16*k + 39. What is the units digit of q(8)?
7
Suppose -981 = 414*a - 417*a. What is the tens digit of a?
2
Let j be 11/33*3*2. Suppose g - 4*s - 222 = 0, -3*g = -j*g + 2*s - 204. Suppose 0*o = -5*o + g. What is the units digit of o?
2
Suppose 0 = -3*p + 9, -p - 22 = 5*t + 10. Let u = t + 7. Suppose -3*x = 3*y - u*x - 114, 0 = -3*y - x + 104. What is the units digit of y?
3
Let c = 87 - 152. Suppose 68 = -72*o + 89*o. What is the units digit of c*(o + 88/(-20))?
6
Let g(m) = m - 16. Let h be g(0). Let i = h - -19. Suppose 5*r - i*r = 40. What is the units digit of r?
0
What is the hundreds digit of 3/(-2) + 0 + 36939/42?
8
Suppose -24*w + 15*w + 198 = 0. Suppose 0 = 28*g - w*g - 1746. What is the hundreds digit of g?
2
Let k = -13 + 4. Let p(l) be the second derivative of -l**3/6 + 11*l**2 + 71*l. What is the units digit of p(k)?
1
Let t(u) = -u**3 + 4*u**2 + u - 1. Let n be t(4). Suppose -6*y + 21 = n. What is the units digit of y?
3
What is the tens digit of (-89)/356 + 1546/8?
9
Suppose -14*o - 4084 = -3*j - 18*o, -2*j = -3*o - 2700. What is the tens digit of j?
5
Suppose 0 = 3*c + 707 - 2954. What is the tens digit of c?
4
Let r be 4/(-12)*(9/3 - -3). Let z = 51 - 35. Let d = z + r. What is the tens digit of d?
1
Let q = -278 + 404. What is the units digit of q?
6
What is the hundreds digit of ((-915)/(-12) + 2)*4?
3
Suppose 0 = 3*k + 3*h + 66, 0 = -4*h - 3 - 5. Let l be k/(-1) - (4 - 4). Suppose -l = -5*f + 35. What is the tens digit of f?
1
Let z = -12 - -12. Suppose 16 = 5*i + 3*s, 4*s + z = 8. Suppose 0 = -i*m - 0*m + 60. What is the units digit of m?
0
Suppose -3*p - 5*k + 1838 = 314, 3*p - 5*k = 1554. What is the units digit of p?
3
Let i(x) = x**2 + 8*x - 5. Let o be i(-9). Let z = o + 57. Suppose -4*v - z + 301 = 0. What is the units digit of v?
0
Suppose -2*n = 4*n - 72. Let l be 3 + 0 + n/(-4). Suppose l = 3*o - 20 - 55. What is the tens digit of o?
2
Let n = 10 + -5. Suppose -n = 2*z - 19. Suppose 0 = -2*j + z*j - 145. What is the tens digit of j?
2
Let g(n) = -59*n - 346. What is the units digit of g(-11)?
3
Suppose 3*s + p - 895 = 415, 5*s = 5*p + 2190. What is the hundreds digit of s?
4
Let f(g) = g**3 - 23*g**2 + 45*g + 39. What is the hundreds digit of f(22)?
5
Let r(x) be the third derivative of -x**6/120 + 7*x**5/30 - 2*x**4/3 - 4*x**3/3 - 9*x**2. What is the tens digit of r(12)?
8
Let b be (-2 + 0)*1/2*-5. What is the tens digit of 5/b*239 + 0/3?
3
Suppose -u - 2*p - 8 = 0, 5*u = 3*p + 41 - 16. Suppose -u*l + 13 = i, 0 = -5*i + l + 2*l + 13. Suppose 4*y = i*y - 28. What is the units digit of y?
8
Suppose -20*v + 22*v - 8344 = 4*x, -4*x = 8. What is the thousands digit of v?
4
Let i be -1*(-1 + (-4)/4). Suppose -2*o - 71 = -h, 0 = -i*o - 2*o + 5*h - 139. What is the units digit of (56/32)/((-3)/o)?
1
What is the tens digit of (18 - 1)/(1/298)?
6
Let b(c) = 137*c - 13. What is the units digit of b(18)?
3
Suppose 0 = -1282*w + 1291*w - 10395. What is the thousands digit of w?
1
Let b(d) = 7*d**2 - 12*d - 7. Let m(r) = -6*r**2 + 13*r + 8. Let h(o) = 5*b(o) + 6*m(o). What is the units digit of h(17)?
0
Let s(o) = 5*o + 0*o**2 + o**2 + 3 + 4*o. Let q be s(-13). Suppose -4*l + 5*l = q. What is the tens digit of l?
5
Let i = -6481 + 4537. What is the units digit of i/(-16) - (-1)/2?
2
Suppose -6*k + 12 = -2*k. Suppose s - 85 = k*c, -c + 0*c - 4*s - 50 = 0. What is the tens digit of 20/c + (-82)/(-6)?
1
Suppose -4*l = -46*l + 57288. What is the hundreds digit of l?
3
What is the units digit of -4*(-4)/32*202?
1
Suppose -13 = -z + 6. Suppose -5*n = -51 - z. What is the tens digit of n?
1
Let g(i) = 8*i - 17 - 2*i + 6*i + 1. Suppose -5*k + 19 = 4*c, -8 - 1 = -2*c - 3*k. What is the units digit of g(c)?
6
Suppose 3*w - 23 = -5*y, 4*w - 28 = -3*y - y. Let c = 11 - w. Suppose 97 - 252 = -c*h. What is the tens digit of h?
3
Let o(z) = 11*z + 10. Let l be o(5). Let y = 50 + l. What is the hundreds digit of y?
1
Let g(f) = -4*f**3 - 9*f**2 - 3*f + 36. Let l(t) = t**3 + 2*t**2 + t - 9. Let z(o) = 2*g(o) + 9*l(o). What is the tens digit of z(5)?
3
Let k(f) = 494*f - 56. What is the units digit of k(11)?
8
Suppose 0 = -2*a + 9*a - 28. Suppose 7*m = 2*m + v + 85, -v = a*m - 77. What is the tens digit of m?
1
Suppose -8*l + 2074 = -462. What is the units digit of l?
7
Let p = -14 - -17. Suppose -q + 4*g - 20 + 70 = 0, 4*q - 181 = -p*g. Let n = q - 28. What is the units digit of n?
8
Let l be -1 + -3 + (4 - -2). Suppose -i - 90 = t - 2*t, -4*t = l*i - 384. Suppose 4*b - t - 50 = 0. What is the units digit of b?
6
Suppose -x - 9 = -i,